tor of 869 and 4661848697.
869
Calculate the highest common divisor of 15198708 and 5992.
2996
Calculate the greatest common divisor of 1135 and 18707751.
227
What is the highest common divisor of 23295888 and 58446?
3438
What is the greatest common divisor of 1856793 and 12201?
249
Calculate the highest common divisor of 1350 and 530806050.
450
What is the highest common factor of 18202863 and 588?
147
Calculate the greatest common factor of 1246623 and 63336.
609
What is the highest common divisor of 4078 and 3394908493?
2039
What is the greatest common factor of 586773 and 24057?
99
Calculate the greatest common divisor of 1241 and 16814.
1
What is the greatest common divisor of 340 and 2891360?
340
What is the highest common factor of 1145047 and 4?
1
Calculate the highest common divisor of 221965 and 159959.
103
What is the greatest common divisor of 9654 and 222?
6
What is the greatest common factor of 750573 and 12?
3
What is the greatest common divisor of 233000 and 4700?
100
What is the greatest common factor of 474 and 11446434?
6
What is the greatest common factor of 1050 and 1280685?
105
What is the greatest common factor of 1377539730 and 5220?
2610
Calculate the highest common factor of 6190675 and 19.
19
Calculate the highest common factor of 38172140 and 189924.
1292
Calculate the greatest common divisor of 829022 and 3478.
74
What is the highest common factor of 1711 and 16998321?
29
What is the greatest common factor of 1785 and 2343495?
105
What is the greatest common divisor of 457026 and 2532?
1266
What is the greatest common factor of 380 and 7195660?
20
What is the greatest common divisor of 349 and 13066909?
349
What is the highest common factor of 1972152 and 357?
21
Calculate the greatest common divisor of 705 and 1760.
5
Calculate the greatest common divisor of 27173 and 80533.
29
Calculate the greatest common divisor of 5775 and 57868503.
231
What is the highest common divisor of 784175 and 22645?
35
Calculate the greatest common divisor of 3656438 and 1186.
1186
Calculate the highest common divisor of 153397895 and 31255.
1645
What is the highest common factor of 2806 and 379684?
46
Calculate the highest common divisor of 483784 and 1064.
56
Calculate the greatest common factor of 4233012 and 1176.
588
What is the highest common factor of 15 and 10696985?
5
Calculate the highest common divisor of 1058618782 and 26.
26
Calculate the greatest common factor of 208475 and 4656121.
269
What is the greatest common divisor of 162 and 71750691?
81
What is the highest common factor of 47042492 and 252?
28
Calculate the greatest common divisor of 52042014 and 324.
162
What is the highest common divisor of 965700 and 3735?
45
What is the greatest common divisor of 98710 and 30?
10
What is the highest common factor of 261751 and 161219?
613
What is the highest common divisor of 568033091 and 278?
139
What is the highest common divisor of 270594 and 2484?
54
What is the greatest common factor of 62022168 and 1656?
1656
Calculate the highest common factor of 126 and 50833314.
126
What is the greatest common factor of 430001587 and 17?
17
What is the greatest common factor of 12443 and 477779?
23
What is the greatest common divisor of 52881048 and 1035?
207
Calculate the greatest common factor of 164647108 and 68.
68
What is the greatest common divisor of 479688 and 2806?
46
What is the greatest common divisor of 11420583 and 12835?
2567
Calculate the greatest common factor of 674706 and 13344.
834
What is the greatest common factor of 1308892754 and 47?
47
Calculate the greatest common factor of 4532315 and 1110.
185
Calculate the highest common factor of 344 and 62627006.
86
What is the highest common factor of 9409 and 363459?
97
Calculate the highest common divisor of 166619012 and 588.
196
What is the greatest common divisor of 45 and 34930557?
9
Calculate the greatest common factor of 138889 and 2.
1
What is the highest common factor of 363781 and 1067?
11
What is the highest common factor of 77309507 and 77?
11
Calculate the greatest common factor of 60154 and 17401919.
1583
What is the highest common factor of 22575 and 1768200?
525
What is the highest common factor of 981906 and 15762?
222
What is the greatest common divisor of 624 and 2787720?
312
What is the greatest common divisor of 2717750 and 2800?
350
Calculate the greatest common factor of 544141 and 3078.
19
Calculate the highest common factor of 68 and 1522921914.
34
What is the highest common divisor of 175 and 138025?
25
Calculate the greatest common factor of 7872 and 743412.
492
What is the highest common divisor of 1092 and 317251662?
546
Calculate the greatest common divisor of 519 and 89121.
3
Calculate the highest common divisor of 1761434 and 1712.
214
What is the highest common divisor of 17274 and 588?
6
Calculate the highest common divisor of 377696 and 516076.
1628
What is the highest common factor of 105111 and 144957?
687
Calculate the greatest common divisor of 17487 and 6844653.
603
Calculate the highest common divisor of 588732 and 126.
6
Calculate the greatest common factor of 479828 and 12788.
556
What is the highest common divisor of 13500 and 27218500?
500
Calculate the greatest common factor of 38931860 and 1306.
1306
Calculate the greatest common factor of 4 and 26242940.
4
What is the highest common divisor of 51122751 and 93?
93
Calculate the highest common factor of 379451651 and 129.
43
Calculate the highest common factor of 12 and 136339908.
12
Calculate the highest common divisor of 181140 and 1060.
20
What is the highest common factor of 13621402 and 12654?
74
Calculate the greatest common factor of 28 and 51966978.
14
What is the highest common divisor of 1310897 and 1568?
49
Calculate the greatest common divisor of 184755 and 6915.
15
What is the greatest common factor of 4897 and 252461?
59
What is the highest common divisor of 231955 and 1115?
5
Calculate the highest common factor of 3404724 and 672.
12
What is the highest common factor of 1295928449 and 13183?
13183
Calculate the greatest common factor of 6259 and 138215.
11
Calculate the greatest common factor of 98688 and 10112.
128
Calculate the highest common factor of 217084391 and 3343.
3343
What is the greatest common divisor of 1107 and 27648801?
369
What is the greatest common divisor of 660550 and 15950?
550
Calculate the greatest common divisor of 695 and 601105500.
695
Calculate the greatest common divisor of 51623634 and 201.
201
Calculate the highest common factor of 419 and 670400.
419
Calculate the highest common factor of 10533790 and 76.
38
Calculate the highest common divisor of 56240 and 4490.
10
Calculate the highest common divisor of 29423964 and 1971.
219
What is the highest common divisor of 8209725 and 1551?
141
Calculate the highest common divisor of 7123 and 21314949.
419
Calculate the highest common factor of 2584 and 20890348.
1292
Calculate the greatest common factor of 57523 and 1183465.
943
Calculate the greatest common divisor of 22529 and 34957.
13
Calculate the highest common divisor of 2176416 and 20988.
396
What is the highest common divisor of 325745 and 190404?
41
What is the greatest common divisor of 100 and 7488820?
20
What is the greatest common factor of 1492475 and 25?
25
Calculate the highest common divisor of 451 and 12208283.
41
Calculate the highest common factor of 267 and 14625993.
267
What is the highest common divisor of 1698992 and 248?
8
What is the greatest common divisor of 12574504 and 418?
38
What is the highest common factor of 159903 and 3222999?
1467
Calculate the highest common factor of 7524 and 5474394.
342
What is the greatest common factor of 6958736 and 16?
16
What is the highest common divisor of 2 and 83350066?
2
What is the highest common factor of 3380588 and 1510?
302
What is the greatest common factor of 6078 and 1025156?
2026
Calculate the greatest common divisor of 807850 and 963.
107
Calculate the greatest common factor of 243 and 34007067.
27
Calculate the highest common factor of 178204709 and 18073.
1643
Calculate the highest common factor of 32266 and 78931.
17
What is the highest common divisor of 10561824 and 122016?
2976
What is the highest common factor of 209889 and 213?
3
What is the h